1/d. What is the highest common factor of k and 10?
5
Suppose 3*a = 5*a - 6, 4*j - a - 17 = 0. Let v be (-6)/4*(-19 + j). What is the highest common divisor of 147 and v?
21
Suppose 359 + 48 = 2*m + 5*w, 0 = -3*m + w + 653. What is the greatest common divisor of m and 24?
24
Let v = -1 + 2. Let f be v/(1/42*3). Let l(k) = k**2 - 4. Let p be l(5). What is the greatest common divisor of f and p?
7
Suppose -3*r - 5*b + 36 = 0, -5*b - 1 = -3*r + 5. Let g be 45/126*7*154/5. What is the greatest common divisor of r and g?
7
Let r(p) = p**2 + 2. Let o be r(0). Calculate the greatest common divisor of 10 and o.
2
Let k be -3 + 10*2/5. What is the highest common factor of k and 7?
1
Let s = 128 + -80. Suppose 0 = 5*r - 3*r - s. Suppose -8*u = 4*u - 36. What is the greatest common factor of r and u?
3
Let p = 3 + -5. Let q(y) be the first derivative of 5*y**3/3 + y**2/2 - 2*y - 3. Let a be q(p). What is the greatest common divisor of a and 40?
8
Let y(z) = 5*z**2 + 1. Let r be y(-1). Let q be (-166)/7 + 6/(-21). Let d be (r/(-12))/(2/q). What is the highest common factor of 30 and d?
6
Suppose -51 = 5*l - 306. Calculate the greatest common divisor of l and 3.
3
Let h be 0 - ((-3)/(-3) + 2). Let y(k) = k**2. Let q be y(h). What is the highest common divisor of q and 9?
9
Suppose 0 = 3*s + 5*l - 72, 2*s + 91 = 6*s + 5*l. Calculate the highest common divisor of 76 and s.
19
Let r(y) = -y**3 - 9*y**2 - 10*y - 9. Let f(z) = 0*z**2 - 5*z**2 + 4*z**2. Let k be f(-3). Let g be r(k). Calculate the greatest common divisor of 9 and g.
9
Let x be 8*-3*(-1)/6. Suppose x*n + 2 = 6*n. Calculate the highest common factor of n and 8.
1
Let j be (-2)/(-4)*-6 + -7. Let r = j - -14. What is the highest common divisor of r and 4?
4
Let l be (-5 - -5) + 1*-4. Let n = 21 + l. Calculate the highest common factor of n and 85.
17
Let j(m) = -m**2 - 5*m + 1. Let l be j(-5). Let u be -3 + (l - 0) + 1. Let r be (4/6)/(u/(-15)). Calculate the highest common factor of 10 and r.
10
Let h(k) = -8*k - 12. Let a be h(-4). What is the greatest common divisor of a and 4?
4
Suppose -2*g - 2*h + 22 = 0, -h + 6 = h. What is the highest common factor of g and 24?
8
Suppose 4*n = -5*o - 6, 3*o + 0*n + 4*n = -2. Let z be (1 - 2/o) + 73. What is the highest common divisor of 15 and z?
15
Suppose -l + 15 = -n - 1, 76 = 5*l - 4*n. Suppose 192 = -0*u + 2*u. Calculate the highest common divisor of u and l.
12
Suppose 8 = 2*z - 0*z. Calculate the highest common factor of z and 36.
4
Suppose 108 = -3*f - f - 5*s, s = -3*f - 70. Let b = 213 - f. Let t = b + -109. Calculate the highest common divisor of t and 14.
14
Let h(z) = -z**3 + 7*z**2 + 12*z - 6. Let j be h(8). Calculate the greatest common divisor of j and 26.
26
Suppose x - 3 = -1. Let v be ((-3)/(-6))/(1/x). Let n(c) = 14*c**2 + c. Let i be n(v). Calculate the greatest common factor of 15 and i.
15
Let i(n) = 3*n**2 + 4*n - 8. Let m be i(-6). Let j = m - -13. Let r = j - 26. What is the greatest common divisor of r and 7?
7
Suppose 3*a - 24 = -3*g, -2*a + 5*g + 60 = 3*a. Suppose 0 = 7*t - a*t + 36. What is the highest common divisor of 4 and t?
4
Suppose -2*u + 56 = 2. What is the greatest common divisor of 9 and u?
9
Let g be 8/(-32) + 842/8. What is the greatest common factor of g and 42?
21
Suppose -b = 4*b + 70. Let j be 2/(3/(69/(-2))). Let p = b - j. Calculate the greatest common divisor of 3 and p.
3
Let w(d) = 16*d**2 - 6*d - 2. Let p be w(-3). Suppose p = 5*t - 0*t. What is the greatest common divisor of t and 48?
16
Let x = 6 - 1. Suppose a = r - 4*a - 14, -5*r + 110 = -x*a. What is the greatest common divisor of r and 12?
12
Suppose 273 = 2*p + g - 390, -3*g - 9 = 0. Calculate the greatest common divisor of p and 37.
37
Let b = 92 - 37. Let z be (-30)/(-3) + (-2 - -3). Calculate the highest common divisor of z and b.
11
Let y = 62 - 42. Calculate the highest common factor of y and 8.
4
Let q = 169 + -167. Let w be (-1)/((-1)/2) - 0. What is the highest common divisor of q and w?
2
Let q = -247 - -419. Suppose 0 = -2*h + 5*p + q, p = 5*h + 2*p - 484. What is the highest common divisor of 12 and h?
12
Suppose -7*x + 2*x + 10 = 0. Suppose 6*d = x*d + 12. Suppose -d*g - 19 = -58. What is the greatest common divisor of g and 13?
13
Let s = 54 - 8. What is the greatest common divisor of s and 115?
23
Let m = -13 + 77. Let g(d) be the second derivative of -d**4/12 - 11*d**3/6 - 5*d**2 + d. Let s be g(-9). Calculate the highest common divisor of m and s.
8
Let x(m) be the first derivative of 5*m**3/3 - 3*m**2/2 + 1. Let b be x(2). What is the highest common divisor of 126 and b?
14
Suppose -8*l + 6*l - 4 = 0. Let b be 69/12 + l/(-8). What is the highest common factor of b and 42?
6
Suppose n + 1 = 0, -4*u - 3*n = n - 52. Suppose p = -2*p - 4*i + 63, -4*i = p - 21. What is the highest common factor of u and p?
7
Suppose 364 = 8*i - 356. Calculate the highest common factor of i and 20.
10
Let c(m) = -m. Let n be c(2). Let t be 20/(n/4*-4). Let p be 4/10 + 346/t. Calculate the greatest common divisor of 14 and p.
7
Suppose a - 4 = -d + 2, -2 = -a. Suppose 2*p - 5 = 5*p + d*b, -2*p = -b - 15. What is the greatest common divisor of p and 2?
1
Let y = 1 - -1. Suppose 0 = -2*k - 2, y*g - 76 = -4*k. Calculate the highest common divisor of g and 20.
20
Let c be ((-24)/(-10))/((-30)/(-225)). What is the greatest common divisor of c and 90?
18
Suppose 8 = 3*u - 1. Suppose -6 = -0*l + u*l. Let w = 0 - l. What is the greatest common factor of w and 2?
2
Suppose -140 = -4*h + 3*n, 0 = 2*h + 2*h + 5*n - 108. Suppose 46 = 5*y - 3*k + 12, -5*y - 2*k = -44. Calculate the highest common factor of y and h.
8
Let b(x) = x**2 + 4*x - 6. Let a be b(6). What is the highest common divisor of 6 and a?
6
Suppose -184 = 5*n - 569. What is the greatest common divisor of 11 and n?
11
Suppose -t + 0 = -5. Suppose -t = 2*k - 13. What is the greatest common divisor of k and 2?
2
Suppose -4*v + 16 = -2*v. Suppose i - 4*k = 19, -3*k + k = v. What is the greatest common factor of i and 15?
3
Let i(s) = s**3 + s**2 - s + 1. Let h(f) = -4*f**3 + 4*f - 2. Let l(j) = -h(j) - 2*i(j). Let t be l(3). Calculate the greatest common divisor of t and 10.
10
Let s(l) = -2*l - 13. Let i be s(0). Let h = 22 + i. What is the greatest common divisor of h and 1?
1
Let w be -1 - -4 - 3/(-3). Calculate the highest common divisor of w and 2.
2
Let l = 20 + -3. Suppose -4*b - y - 10 = -3*b, 3*b + 4*y = -28. Let g = b + l. Calculate the highest common factor of 15 and g.
5
Suppose -44 = -5*r + r. Suppose 2*x + 42 = 6*x + a, 3*x = 4*a + 41. Calculate the highest common divisor of r and x.
11
Let r be (-8)/(-28) - (-5232)/14. Calculate the greatest common factor of 34 and r.
34
Let u(d) = d + 2. Let t = 6 + -8. Let o be u(t). Suppose o = -2*s + 6 + 14. What is the highest common factor of s and 80?
10
Suppose 3*h = -2*u + 71, -67 + 21 = -u - 5*h. What is the greatest common factor of 279 and u?
31
Let w = 248 + -149. Suppose -5*g = -3*g - 22. Calculate the greatest common factor of w and g.
11
Let t(u) = 21*u**2 - 3. Let g be t(2). What is the greatest common divisor of 27 and g?
27
Suppose 4*t - b = 282, 0*b = -5*t - b + 348. Calculate the greatest common factor of 35 and t.
35
Let z = 4 + -2. Suppose 0 = -z*r - 2*r + 168. Suppose -4*g = -3*y - r - 4, -48 = -4*g + 2*y. Calculate the greatest common factor of 13 and g.
13
Suppose 7*z - 4*z - 12 = 0. Suppose z*v = -2*m + 27 + 59, -v + m + 23 = 0. Calculate the highest common factor of 198 and v.
22
Let w = 4 - -32. Suppose 6*a - 96 = 2*a. What is the greatest common factor of w and a?
12
Let a(n) = n**2 + 2. Let y be a(-2). Let o(j) = j**3 + j + 3. Let u be o(0). Suppose 2*h - u*h + 12 = 0. What is the greatest common divisor of h and y?
6
Let x(l) = l - 1. Let a(v) = -29*v - 3. Let n(o) = -a(o) + 4*x(o). Suppose -2*c = 3*c - 5. Let i be n(c). What is the highest common factor of i and 8?
8
Let t be ((-28)/35)/(4/(-30)). Suppose t*z - 22 = 4*z + 2*w, 5*z + 5*w - 95 = 0. What is the greatest common divisor of 10 and z?
5
Suppose 5*v = -5, -5*p - v + 21 = -3. Suppose -p*a - 135 + 413 = c, 0 = 5*a - 10. Let u be 4/(-28) + c/14. Calculate the greatest common divisor of 38 and u.
19
Suppose -3*j + 0*j = -111. What is the greatest common factor of 259 